83
Let d be 3068/(-20) + (-2 - 24/(-10)). Let u = -218 - d. Let v = -2 - u. List the prime factors of v.
3, 7
Let y(x) = 3*x**2 + 5*x + 2. Let c be y(-7). Let h = c - -139. Suppose 4*d - h = 171. What are the prime factors of d?
2, 53
Let l be (-2)/1*(-897)/6. Let f = -72 + l. Let r = f + -155. List the prime factors of r.
2, 3
Let p = -22899 - -40905. List the prime factors of p.
2, 3, 3001
Suppose -5*u = 5, -2*l - 39 = 4*u - 231. Let g = 201 - l. Let i = g - 60. What are the prime factors of i?
43
Suppose -155 = 4*i + 5*l, 0*i - i - 3*l - 37 = 0. Let n = i - -33. Let h(y) = 4*y**2 + 3*y - 16. What are the prime factors of h(n)?
3, 53
Let l = -2290 - -17845. Let i = -70 + 36. List the prime factors of l/225 - (-1 - i/30).
3, 23
Let g(p) = p**3 - p**2 - 4*p + 2. Let v be g(0). Suppose 0 = v*d - 7*d + 3*x + 2108, -5*d - x = -2104. Suppose d = 9*s - 416. List the prime factors of s.
3, 31
Suppose 0 = 4*q + 199 - 747. Let c(b) = b**3 + 9*b**2 + b - 4. Let p be c(-6). Let a = q - p. What are the prime factors of a?
3, 13
Let c = -718 - -717. Let d(g) = 8*g - 59*g - 57*g + 20*g - 2. What are the prime factors of d(c)?
2, 43
Let m be (-272)/(-28) + 0 + 2/7. Suppose a = 4*l + 660, m*a - 2*l + 1330 = 12*a. What are the prime factors of a?
2, 83
Let u(d) = -d**2 + d + 14. Let h = -97 + 104. Let t be u(h). What are the prime factors of 7/(t/(-141)) + 2/(-8)?
5, 7
Suppose -3*o + 19 = 4. Suppose o*i + 25 = -4*v, 4*v + 3*i + 33 - 10 = 0. List the prime factors of (-4)/6*((-273 - v) + -2).
2, 3, 5
Let u(p) = p + 9. Let s be u(-10). Let h be (-1)/((-2)/4) + s. List the prime factors of (h - (-525)/12)/((-3)/(-12)).
179
Suppose -5 = 2*r - 199. Suppose -1 = -3*j - 5*v, -v + 34 = 2*j - 6*v. Suppose 190 = j*l - r. What are the prime factors of l?
41
Suppose -55365 = -32*g + 27*g. Suppose -14*p + g = 741. What are the prime factors of p?
2, 3, 41
Suppose 0 = -2*n + 5*y - 79, -4*y = -3*n + 38 - 160. Let q = n + 34. List the prime factors of (36/q + 3)*-14.
3, 7
Suppose 2*n + 4*n - 54 = 0. Suppose 2*y = 5*b, 2*b - 3*y = -4*y - n. List the prime factors of (b/8)/(12/(-336)).
7
Let x = -4074 + 7543. Suppose 6*b - x = 4*b - 3*d, 4*d - 5201 = -3*b. List the prime factors of b.
11, 157
Suppose -39*g - 4736 = -47*g. Suppose 8*i + g = 16*i. List the prime factors of i.
2, 37
Let m(s) = -s**3 - 13*s**2 + 30*s + 23. Suppose -73 - 3 = 4*x - 4*d, -2*x - d = 29. List the prime factors of m(x).
311
Suppose -3*q - j = -26961, 3*q + 4*j = 8*j + 26931. What are the prime factors of q?
3, 5, 599
Let x = 82 + -18. Let s = -59 + x. Let c = 90 + s. What are the prime factors of c?
5, 19
Suppose 3*r + 2*o - 5 = 0, -17 = -2*r + 5*o - 1. What are the prime factors of 495 + (-2)/(-6)*r?
2, 31
What are the prime factors of 1407/98*338 - 4/(-14)?
23, 211
Let q(r) = -15197*r - 5126. List the prime factors of q(-4).
2, 3, 9277
Let a(y) = -29*y**2 + 13*y - 7. Let h be a(6). Let w = -432 - h. List the prime factors of w.
541
Let o be (3 + (-6)/3)*(-2 - -26). Suppose 21*p - 22*p = -o. Suppose -28*k + 968 = -p*k. What are the prime factors of k?
2, 11
Suppose -9723 = -35*j + 34972. What are the prime factors of j?
1277
Suppose -17*r = -21*r + 28. Suppose -4*u = 12, -3*h - 31 = 5*u - r. Let i(x) = 6*x**2 + 2*x - 3. What are the prime factors of i(h)?
3, 5
Suppose 181 = -3*r + 397. What are the prime factors of (-4488)/r*(0 + -3)?
11, 17
Let n = -447 - -647. Let w = -5383 + 5273. Let y = w + n. List the prime factors of y.
2, 3, 5
Suppose -5*o + 59 = 49, 2128 = z - 2*o. What are the prime factors of z?
2, 13, 41
What are the prime factors of 18 - 23 - (5/20 + (-253085)/4)?
2, 7, 4519
Suppose -3*v - 1 - 6 = -q, 5*v + 25 = -q. Let r be 1 + -4 + 34 + q. Suppose -12*n = -14*n + r. List the prime factors of n.
13
Let o be (1*42/(-4))/(7/(-14)). Let m(r) = -41 - o + 14*r - 2*r + 11*r. What are the prime factors of m(12)?
2, 107
Let d = 7906 - 4224. List the prime factors of d.
2, 7, 263
Let d(h) = h**2 + 14*h + 8. Let g be d(-14). Let j(l) = 2*l**2 - 6*l + 20. Let c be j(g). Let x = 166 - c. List the prime factors of x.
2, 3, 11
Let i(x) = -x**3 - 6*x**2 + 2*x + 4. Let d be i(-5). Let y = 37 + d. Suppose -o = -y - 10. List the prime factors of o.
2
Let b(u) = -1197*u**3 - u**2 - 10*u - 8. Suppose 553*d + 9 = 544*d. What are the prime factors of b(d)?
2, 599
Let s(y) = 464*y**2 + 2*y + 3. Let w be s(-1). Suppose 3*c = -4*t + 1216, 3*t + w = 3*c + 1398. List the prime factors of t.
307
Suppose 2*w - 3*w - c + 9 = 0, 2*c + 17 = 5*w. Let b be 570/75 - 3/w. Let l(r) = r**3 - 7*r**2 + r + 6. List the prime factors of l(b).
13
Let k = -378 - -2134. List the prime factors of (k/(-2))/(((-132)/(-18))/(-11)).
3, 439
Let a = 1622 - -922. Let b = a - 1712. What are the prime factors of b?
2, 13
Let z(p) = 538*p - 15656. What are the prime factors of z(83)?
2, 3, 179
Suppose 0*d = -5*d - 675. Let i be (-4)/(-48)*-15 - (-2)/8. What are the prime factors of (i - 9/(-6)) + d/(-6)?
23
Let l(q) = -606*q - 100. What are the prime factors of l(-22)?
2, 827
Let g(s) = 21*s**2 - 2*s - 2. Let i(n) = -4*n + 17. Let a be i(3). Let p be g(a). Suppose p = 2*z + 7. What are the prime factors of z?
11, 23
Let x(n) = -7*n - 4. Let d be x(-6). Let h = d + -13. Let v = -17 + h. What are the prime factors of v?
2
Let w be 8*(63/(-4))/(-7). Suppose -4*k = -k + w. What are the prime factors of (-2)/k - (-376)/24?
2
Let f(k) = -k**2 - 5*k - 6. Let r be f(-2). Suppose -4*a = -9*a + 4*d - 2103, r = -3*a + 5*d - 1267. Let n = -250 - a. What are the prime factors of n?
13
Let s be ((-8)/(-40))/((-2)/5)*-28. Let y be 1/2 + ((-91)/s - -8). Suppose -407 = -2*h - 5*l, -y*h + 614 = h + 4*l. List the prime factors of h.
2, 103
Let v(q) = 13*q**2 + 21*q - 7. Let a(u) = 3*u**2 + 5*u - 2. Let j(r) = 9*a(r) - 2*v(r). Let n be j(10). Suppose 0*w = -3*w + n. What are the prime factors of w?
2, 3, 7
Suppose h - 28914 = 3*f - 6755, -3*h + 3*f = -66519. List the prime factors of h.
2, 5, 1109
Let r = 10050 + -6240. What are the prime factors of r?
2, 3, 5, 127
Suppose -349 - 323 = -8*g. Let m = 594 - g. List the prime factors of m.
2, 3, 5, 17
Let h(w) be the second derivative of w**4/12 - 5*w**3/3 + 13*w**2/2 - 10*w. Let j be h(-10). What are the prime factors of j/4 - (-2 + 9/4)?
53
Suppose 2*i + 30 = 8*i. Suppose 5*m + c = -142, 3*c - c = -i*m - 139. Let l = -26 - m. List the prime factors of l.
3
Suppose 2*n - 1505 = 3*w, n + w - 766 = -2*w. Suppose -4*t + 22 = 5*a + n, 0 = -t. List the prime factors of 3/((a/(-30) - 4)/51).
2, 5, 17
Let z be (-69)/(-230) + 2/((-40)/(-23094)). Let k be 0/1*3/6. Suppose -4*a - 3*a + z = k. List the prime factors of a.
3, 5, 11
Let t(l) = 3*l**2 + 27*l + 2. Suppose -111*v + 112*v = 154. Suppose -6*h = 8*h + v. List the prime factors of t(h).
2, 17
Let f = 536 - -942. What are the prime factors of f?
2, 739
Suppose -5*i = -2*q - 1121, 3*i - 197 - 484 = 4*q. Let k = i - -346. What are the prime factors of k?
569
Suppose -4787904 = -725*h + 461*h. What are the prime factors of h?
2, 2267
Let f(g) = g**3 + 4*g**2 - 40*g + 23. What are the prime factors of f(17)?
2, 3, 11, 41
Let d = 6434 + 1636. List the prime factors of d.
2, 3, 5, 269
Let s = 40903 + -428. What are the prime factors of s?
5, 1619
Let n be (-1)/2*0 + -1. Let i(j) = 7*j**2 - j. Let p(r) = 43*r**2 - 1. Let k(c) = 2*i(c) + p(c). List the prime factors of k(n).
2, 29
Suppose 3 = -4*v - 3*i - 7, -4*v = 4*i + 12. What are the prime factors of ((-216)/(-22) - v) + (-42)/(-231)?
11
Let m(a) = 6*a**3 - 13*a**2 - 8*a - 16. Let c be m(6). Suppose 2*b - 573 = -3*h, 5*b - c = -4*h + 4*b. List the prime factors of h.
191
Suppose -5*n - 4*y + 209108 = 11106, 0 = -2*n + 5*y + 79148. List the prime factors of n.
2, 3, 6599
Suppose 3*k = 5*n - 22, -2*k - 26 = -3*n + 3*k. Suppose 0 = 11*u - 20 - n. List the prime factors of u/(45/10 - 4).
2
Suppose 0 = 2*n - 361 + 135. Suppose n - 115 = -p. Suppose -p*g - 56 = w - 2*w, 4*w + 3*g = 180. List the prime factors of w.
2, 3
Let t(b) = 2204*b - 325. List the prime factors of t(5).
3, 5, 23, 31
Suppose 899*d + 195600 = 939*d. List the prime factors of d.
2, 3, 5, 163
Let z(a) = 36*a - 106. Let g be z(9). Suppose 0 = -9*y + 3665 - g. List the prime factors of y.
383
Let w = 283 + -279. Suppose -5*k + 2248 = -w*f, -4*k - 6*f + 3*f 